e prime factors of i(y)?
2
List the prime factors of (-3)/(327/336 + -1) - 3.
109
Let h(o) = -o**3 - 3*o**2 + 4*o + 6. Suppose 3*w = -0*w - 12. What are the prime factors of h(w)?
2, 3
Suppose -2 = 4*g - 18. Suppose -2*d + 2 = -0*d. List the prime factors of 8*(-3 + d + g).
2
List the prime factors of 1/(1/129*3).
43
Let o = 2 + 19. Let b = 17 + o. List the prime factors of b.
2, 19
Suppose 0 = q - 4*x - 15, 3*q - 2*q + x - 10 = 0. What are the prime factors of q?
11
Suppose 20*z = 26*z - 396. What are the prime factors of z?
2, 3, 11
Suppose -4*d = -o + d - 10, -o + 6 = 3*d. Suppose o*h + 4*h = 2*q, -40 = -3*q - 4*h. What are the prime factors of q?
2
Let d = 233 - 101. What are the prime factors of d?
2, 3, 11
Suppose -4*g + x + 0 = -1, -3*x = 2*g - 11. Let f be g*3/(-9)*-9. Suppose -f*c = -2*m - 2, 0 = m - 2*c + 6*c - 10. What are the prime factors of m?
2
Suppose 20 = -t - 4*t - 4*b, -4*t + 15 = -3*b. Suppose 2*s + 155 = 5*v, t = -3*v - v + s + 127. What are the prime factors of v?
3, 11
Let c(i) be the second derivative of -2*i**3/3 - i**2/2 - i. List the prime factors of c(-4).
3, 5
Let o(g) be the second derivative of g**4/12 - g**3/2 - g**2 + g. What are the prime factors of o(5)?
2
Suppose 0 = 8*r - 3*r. Suppose 7*u - 2*u = r. Let k(l) = -l**2 - l + 2. What are the prime factors of k(u)?
2
Suppose 3*g - 33 = -5*c, -3*g = -5*c - 2*g + 29. Let i = -5 + c. Let b = i - -6. List the prime factors of b.
7
Suppose 0 = 4*t + 5*y - 31, -2*t + 3*y - 4 = -3. Suppose t*k = 3*f + 89, -k - 7*f + 2*f + 5 = 0. What are the prime factors of k?
2, 5
Suppose -3*x - 7 - 18 = 2*d, d + 3*x + 11 = 0. What are the prime factors of (-1 + 10)/((-21)/d)?
2, 3
Let n = 29 - 12. Let m = 2 + n. What are the prime factors of m?
19
Let h be 2/(-4)*1*-2. Let u(s) = 4*s**3 + s - 1. List the prime factors of u(h).
2
Suppose -4*p + 45 = 5*b, 3*p - 15 = -3*b + 15. Suppose 89 = -b*j - 0*n + 4*n, -3*n = -5*j - 88. What are the prime factors of j/(-5) - 4/10?
3
Suppose 4*k = 5*b + 37, 3*b - 32 + 3 = -4*k. Suppose 0 = 3*s + 4*x - k, -5*s + x + 4*x + 25 = 0. List the prime factors of s.
2
Suppose 2 - 1 = -w. Let g = 18 + w. List the prime factors of g.
17
Let v = 41 - -227. List the prime factors of v.
2, 67
Let m(b) = 9*b - 3. Let j be m(9). List the prime factors of (j/12)/((-2)/(-4)).
13
Let i(g) = 2*g**2 + g + 2. What are the prime factors of i(-3)?
17
Let c(g) = 8*g**3 - 6*g + 1. Let m(n) = 9*n**3 + n**2 - 7*n + 1. Let w(r) = 7*c(r) - 6*m(r). What are the prime factors of w(4)?
3, 11
Suppose -5*f = 3*s - 72, 2*s = 5*s - 12. Suppose 0*l - f = -2*l. Let a = l + -4. What are the prime factors of a?
2
Suppose -x = 3*j - 11, 0*j - 4*x = -j + 21. Suppose -j*n = -3*n - 54. List the prime factors of n.
3
Let q = -323 + 471. What are the prime factors of q?
2, 37
Suppose 0 = -2*n + 18 + 38. List the prime factors of n.
2, 7
Let x(g) = -g**2 + 8*g - 6. Let t be x(6). Suppose -m - m + t = 0. Suppose 40 = 4*j + m*i, -i = -3*i. What are the prime factors of j?
2, 5
Suppose 1490 = 4*d - h + 3*h, -3*d + 5*h = -1150. What are the prime factors of d?
3, 5
Let r(w) = 22*w**2 + 2*w + 1. Let l be r(-1). Suppose 0 = v + l - 4. Let h = -10 - v. List the prime factors of h.
7
Suppose -2*i + 105 = 31. What are the prime factors of i?
37
Let h = -261 + 413. List the prime factors of h.
2, 19
Let j = -33 - -44. What are the prime factors of j?
11
Suppose -42 = -3*u + 3*m, 5 + 5 = 3*u + 5*m. Let q(j) = -9*j - 2*j**3 + j - 2 + 4*j**3 + u*j**2 - 3*j**3. List the prime factors of q(9).
7
Let a(o) = o + 373. List the prime factors of a(0).
373
Let k be 4*(-2)/12*-3. Suppose 5*x - 132 = k*x. What are the prime factors of x?
2, 11
Let o = -22 + 23. Let z be (-28)/(-6) + 2/(-3). List the prime factors of (-14)/(-8) + o/z.
2
Let r(q) = 3*q - 10. Let h(a) = 11*a - a**3 + 3*a**2 + 0*a**3 + a**2 + 6*a**2 + 8. Let g be h(11). List the prime factors of r(g).
2, 7
Let j be 2 + (2 + -1)/1. Let m(o) = o**3 - 4*o**2 - 4*o - 3. Let b be m(5). Suppose -3*h - t = -31, j*h - b*t = -0*t + 37. What are the prime factors of h?
11
Suppose -4*x = -5*x + 12. Let b = x - -10. List the prime factors of b.
2, 11
Let p(f) = -f**2 + 7*f. Let v be p(7). Suppose v = 4*c - 5*g + 7, g + 14 = 4*c + 3*g. What are the prime factors of c?
2
Suppose -h = 2*h - 105. What are the prime factors of h?
5, 7
Let y = 219 - 147. What are the prime factors of y?
2, 3
Let h(q) = 3*q - q - 2*q**2 - 3*q + 3*q**2. What are the prime factors of h(-4)?
2, 5
Suppose -4*a + 112 = -0*a. What are the prime factors of a?
2, 7
Let u(k) = 2*k**2 + 4*k. Let c be u(-3). Let a(x) = -x**2 + 7*x + 1. Let d be a(c). Suppose -t = o - d - 11, -3*t + 96 = 5*o. List the prime factors of o.
3, 7
Let i(b) = -b**2 + b + 13. Let q = 4 - -1. Let y = -5 + q. List the prime factors of i(y).
13
Suppose 0 = 5*u - 5*b - 20, 2*u + 3*b = -b + 38. Let g(t) = -2*t + 1 + u + t. What are the prime factors of g(0)?
2, 5
Let h(b) = 5*b - 2. Let x be h(4). Let p be (2/6)/(2/x). Suppose -4*k + 0*f + 32 = -p*f, 0 = -4*f - 16. What are the prime factors of k?
5
Suppose -2*f + u + 4*u + 17 = 0, 0 = 2*f + 3*u - 41. List the prime factors of f.
2
Let a = -4 + 7. What are the prime factors of (22/a)/((-5)/(-15))?
2, 11
Let o be 3 + 1 + -1 + -6. Let c(b) be the third derivative of -b**6/120 - b**5/60 + b**4/12 - b**3/6 - b**2. List the prime factors of c(o).
11
Suppose 9*i - 5*i - 60 = 0. List the prime factors of i.
3, 5
Let f = 19 + -17. Suppose -a + 84 = f*a. What are the prime factors of a?
2, 7
Let s(r) = r**3 + 8*r**2 - 5*r + 9. Let w be (-10)/20*(0 - -18). Let z be s(w). Let f = z + 42. What are the prime factors of f?
3, 5
Let f(u) be the third derivative of -u**4/12 + u**3 + 4*u**2. List the prime factors of f(-6).
2, 3
Suppose -3*p + 9 = -0*k - 2*k, 3*k = 5*p - 16. Suppose -k*j - a = -10, -2*j = j + 5*a + 10. List the prime factors of j.
5
Let x be (-1*5)/((-2)/2). Suppose x*y = 20 - 5. Let s = y + -1. List the prime factors of s.
2
Let b be 2 + -2 - (2 - 1). Let q = 3 + b. Suppose -3*v + q*v = -7. What are the prime factors of v?
7
Let g(v) = v**3 - 9*v**2 + 8*v + 9. Let d = -24 + 34. Suppose -5*b = -d, 3*n - 29 = -b - 3. What are the prime factors of g(n)?
3
What are the prime factors of (-15 + 11)*1*-29?
2, 29
Suppose 4*s = 244 - 12. Suppose a = 3*a - s. What are the prime factors of a?
29
Let m(n) = -n**2 - 9*n - 12. Let u be m(-5). Suppose -y = y - u. List the prime factors of y.
2
Let b(l) = l**2 + 2*l + 43. Suppose -4*t = 3*u + 2*u - 20, 0 = 3*t + u - 4. What are the prime factors of b(t)?
43
Let m = 11 - 8. Let t = -3 + m. List the prime factors of 8 + t + -2 + 0.
2, 3
Let n(h) = -12 + 2*h + 11 + 15. List the prime factors of n(0).
2, 7
Let j(b) = -17*b - 15. What are the prime factors of j(-8)?
11
Let m(b) = b**2 - 3*b + 4. Let l be m(3). Suppose 0*u - 40 = -l*u. List the prime factors of u.
2, 5
Let s(v) = 2*v**2 + 7*v + 4. List the prime factors of s(-5).
19
Let j = -36 - -56. What are the prime factors of j?
2, 5
Let m(n) = -n**3 - 10*n**2 + 10*n + 11. Suppose 5*f + 54 = -c, 0*f + 4*c = -f - 7. What are the prime factors of m(f)?
2, 11
Let q(n) = 13*n**2 + 6*n + 19. List the prime factors of q(-5).
2, 157
What are the prime factors of 9 - 2/(-1)*2?
13
Suppose -28 + 34 = 2*f. What are the prime factors of f?
3
List the prime factors of ((-51)/6)/(1/(-30)).
3, 5, 17
Let v be 78/36 - 2/12. Suppose 0 = v*b + 10, 2*p + 0*p = 3*b + 61. List the prime factors of p.
23
Let u(j) = j + 7. Let l be u(-5). Suppose -x = l - 6. Suppose 2*o + 13 = x*a + o, -5 = -2*a + o. What are the prime factors of a?
2
Let p(o) = 9*o**2 + 1. Suppose y + 2 + 0 = 0. List the prime factors of p(y).
37
Suppose -4*x + 96 = 4*z, 0 = 2*x - 10*z + 7*z - 23. What are the prime factors of x?
19
Let b = 2 - -1. Suppose 3*p + 4*c = 10, 0*c + 10 = 4*p + 2*c. Let y = b + p. List the prime factors of y.
5
Let l be (8/10)/(1/5). Suppose 2*s + 4 = 2*x, -x + 3*s = l*x - 10. Suppose f + 14 + 10 = x*p, -4*f - 26 = -p. What are the prime factors of p?
2, 5
Suppose -87*b = -91*b + 700. What are the prime factors of b?
5, 7
Let w be (-25)/10*(-4)/5. List the prime factors of 87/w - 6/(-12).
2, 11
Suppose 4*k - 33 = -j, 3 - 2 = j. What are the prime factors of k?
2
Suppose 5*j - 13 = q, 4*j + 3*q - 18 = -0*q. Suppose -2*u